9. Suppose 2*i - 3*s + s = 496, -i + q*s + 249 = 0. List the prime factors of i.
13, 19
Let i = -580 - -1106. Let f(z) = z**3 + 14*z**2 + z - 24. Let m be f(-7). Let x = i - m. What are the prime factors of x?
2, 107
Suppose -17*x + 149 = -15*x + 5*y, 82 = x + 5*y. Let z be 1/(-2) + 177/2. Let b = z - x. What are the prime factors of b?
3, 7
Let w = 23 + -17. Suppose 0 = -w*b - 6 + 36. Suppose 0 = -3*z + 2*y + 450 - 18, -b*y = 0. List the prime factors of z.
2, 3
Let f = -11 - -20. Let a = -7 - f. List the prime factors of (-42)/4*a/24.
7
Let p(o) = o**3 - 113*o**2 + 68*o + 2172. What are the prime factors of p(117)?
2, 3, 5407
Let r = -4922 + 8465. What are the prime factors of r?
3, 1181
Suppose -801 = 7*f - 32994. What are the prime factors of 6/40*5 + f/12?
2, 3
Let t = 546 - 241. List the prime factors of 1*t*(-18)/(-10).
3, 61
Let k(v) = 3*v**3 - 9*v**2 - 6 + 5*v - 6*v**3 + 5*v**3 - 17. What are the prime factors of k(7)?
257
Let c(w) = w**2 - 8*w - 6. Let x be c(9). Let t(g) = -7*g + 11. Let m be t(-5). Suppose -3*j - 93 - m = -5*n, -j = x. List the prime factors of n.
2, 13
Suppose -15*n - 703 = 422. List the prime factors of (n/(-9) + 3)/((-4)/(-444)).
2, 17, 37
Let a be 32/6*157398/296. Suppose 0 = 8*x - a + 876. What are the prime factors of x?
5, 7
Suppose 0 = 10*j + 4 - 84. Let b be (20/j - 3)*2. Let z(r) = -101*r**3 - r**2 + 2*r + 2. List the prime factors of z(b).
2, 5
Let m(x) be the third derivative of x**4/3 + 9*x**3/2 + 9*x**2 + 1. What are the prime factors of m(12)?
3, 41
Let y(o) = -4*o**3 - 9*o**2 + 18*o + 128. List the prime factors of y(-18).
2, 7, 19
Let j be (-5 - -4)*(0 - -2) + 4. Let g be (j/(-2))/((-12)/24). Suppose -3*u + 253 = 4*i, -g*u = -i + 61 + 16. List the prime factors of i.
67
Suppose 3*o - 18 + 6 = -u, 0 = 2*u + 6. Suppose -2*d - 5*g = -755, -o*g = -3*d + 128 + 1042. What are the prime factors of d?
5, 7, 11
Let j(h) be the third derivative of h**5/12 + 7*h**4/12 + 55*h**3/6 + 89*h**2. What are the prime factors of j(-4)?
79
Let v = 305 - 296. Let n(g) = -9*g + 85. What are the prime factors of n(v)?
2
Let q be (-680)/(-110) + 4/(-22). Suppose -q*t + 189 = -7*t. Let o = t + 331. What are the prime factors of o?
2, 71
Suppose 62*y - 5*f - 78709 = 58*y, -2*y = -4*f - 39344. List the prime factors of y.
2, 3, 17, 193
Suppose j - 6088 = p + 6883, 3*p = -3. What are the prime factors of j?
2, 5, 1297
Let x = 8 - 4. Suppose 0 = 21*s - 108 + 24. Suppose x*m = -s*t + 3*m + 245, t + 5*m - 66 = 0. List the prime factors of t.
61
Let g = -48 - -100. Let x = g - 47. Suppose x*r = 3*r + 96. What are the prime factors of r?
2, 3
Suppose 6*a = -3*a + 45. Suppose -a*f + 112 = 4*z, -3*z + 2*f = -78 - 6. What are the prime factors of z?
2, 7
Let r(k) = 3*k**2 - 18*k - 5. Let a be r(6). List the prime factors of (-7)/(105/6) + (-5652)/a.
2, 5, 113
Suppose -4*j - 246627 = -91*j + 22116. What are the prime factors of j?
3089
Let z(w) = 3*w**3 + 35*w**2 + 21*w - 45. Let q(n) = -8*n**3 - 106*n**2 - 64*n + 136. Let r(g) = -4*q(g) - 11*z(g). What are the prime factors of r(39)?
2, 463
List the prime factors of 5991 - ((-31)/(-124) + 15/4).
5987
Let h = 2811 - 1818. Let v = h - -198. What are the prime factors of v?
3, 397
Let o(j) = -7*j**2 - 2*j + 54. Let m(b) = 15*b**2 + 4*b - 108. Let d(y) = -2*m(y) - 5*o(y). What are the prime factors of d(7)?
5, 41
Let c = -143 + 146. List the prime factors of (2502/15 - 1)/(c/15).
829
Suppose c - 5*c = 3*r - 497, -2*c = -4*r - 232. Let f be 0/5 + (9 - (-1 - 1)). Suppose h - c = f. List the prime factors of h.
7, 19
Let c(u) = 70*u - 13. Let h(f) = 1 + 68*f + 12*f - 10*f - 13. Let o(y) = -3*c(y) + 2*h(y). List the prime factors of o(-2).
5, 31
Suppose 0 = -5*y + q + 2989, -2*y + 535 + 659 = -2*q. Let c = -323 + y. List the prime factors of c.
5, 11
Suppose 5*d - 37*d = 47*d - 1786585. List the prime factors of d.
5, 4523
Suppose -3*u + 2*d = -2*d - 2265, d = 0. List the prime factors of u*1/(4 - 3).
5, 151
Let r = 407 + -285. Let t = 89 + r. List the prime factors of t.
211
Suppose 0 = -6*w + 9*w - 12. Suppose f + 3*f - 2*a - 450 = 0, -w*a = -3*f + 330. Suppose 93 = k + 5*r, -2*r - 378 = -5*k + f. What are the prime factors of k?
2, 7
Let t = -52 - -52. Suppose t*z - 2*z = 0. List the prime factors of z + 193/2 + (-18)/(-36).
97
List the prime factors of -8 - (-5 + -4333 + -11).
3, 1447
Suppose 3733021 - 317605 = 202*z. What are the prime factors of z?
2, 3, 1409
Suppose 15 = 2*a + 11. Suppose -4*b - 4*o + 106 = -a*o, -140 = -5*b - o. Let x = -11 + b. What are the prime factors of x?
2, 3
Suppose 12 = 4*u - 0*u, 3*y - 5*u - 9090 = 0. List the prime factors of y.
5, 607
Let u(t) = t**2 - 6*t + 7. Let l be u(6). Let v(y) be the second derivative of y**4/2 - 5*y**3/3 + 6*y**2 - 36*y + 19. List the prime factors of v(l).
2, 59
Let q(o) = 414*o - 12. Let a be q(4). Suppose 3*n - 16*r = -13*r + a, 4*r - 558 = -n. What are the prime factors of n?
2, 5, 11
Let a be (-3)/2*(18 + -68). Suppose 2*o = -y + 7*o + 46, -2*y - 3*o = -105. Let g = a - y. What are the prime factors of g?
2, 3
Let u be (25/20)/(1 + (-12)/16). Suppose -u*h - c + 78 + 76 = 0, 3*h - 98 = 5*c. List the prime factors of h.
31
Let g(j) be the first derivative of 19*j**3 + 3*j**2/2 - 4*j - 563. Suppose 0 = 4*m - 1 - 3. What are the prime factors of g(m)?
2, 7
Let t = -130866 + 184650. What are the prime factors of t?
2, 3, 83
Let g be 1/(4/(10 + -2)). Let h be (6 + -8)/((-1)/29). Suppose -n + 2*s + h = 7*s, n = g*s + 65. List the prime factors of n.
3, 7
Suppose -4*q + 19*q = 402361 + 267674. List the prime factors of q.
19, 2351
Suppose 13*r + 14*r = 437751. What are the prime factors of r?
31, 523
Let z(k) = -5*k + 66. Suppose n = -2*n - 15, 2*n - 35 = -3*t. Suppose 0*j = -f + j - t, 3*f + 37 = -j. What are the prime factors of z(f)?
131
Suppose -33 = -2*r + 15. Suppose 9*s - 6*s + r = 0. What are the prime factors of s/(-6)*(5 - -16)?
2, 7
Suppose 12798 = 5*l + 3*u, -5*l = -0*l + 2*u - 12802. Suppose 34*j - 58400 = l. What are the prime factors of j?
11, 163
Let k(m) = -38*m**2 - 7*m - 48. Let f be k(-4). Let w = f + 1025. List the prime factors of w.
397
Suppose -2*a - 15 = -5*v, -a + 1 + 19 = 3*v. Suppose -2*u + a*s = -0*s + 8, -4*s + 16 = -4*u. What are the prime factors of (2/u)/(-6 - 647/(-108))?
2, 3
Suppose -16 = -4*y, -3*g = 5*y - 2*y + 66. Let q be -1*6*g/6. Suppose -11*w + q = -9*w. What are the prime factors of w?
13
Let c(v) be the third derivative of -v**6/120 - v**5/10 + v**4/12 - 2*v**3/3 - 214*v**2. List the prime factors of c(-8).
2, 3
Suppose -3*r = -3 - 42. Let s = 110 - r. Suppose -20 = -5*f, 3*i - 4*i + s = -f. What are the prime factors of i?
3, 11
Let t be 15/9 + 26/78. Suppose 4*i + y - 551 - 3551 = 0, 4*i + t*y - 4100 = 0. What are the prime factors of i?
2, 3, 19
Let i be ((-2)/(-8))/(-13*13/(-676)). Let j(c) = 92*c**2 - 4*c - 1 + 4 + 0*c. What are the prime factors of j(i)?
7, 13
Suppose 2*l = 4*h + 5*l - 11, 0 = -2*h - 4*l - 2. Suppose 0 = -h*a + 2*s - s + 5813, 4660 = 4*a + 4*s. What are the prime factors of a?
1163
Suppose 7*x - 3*x = 88. Let v = 196 - 136. Let c = v - x. List the prime factors of c.
2, 19
Suppose 15 = 3*w, 5*x + 24*w - 21435 = 27*w. List the prime factors of x.
2, 3, 5, 11, 13
Let g = -37 - -41. Suppose 7*z - 3 = g*z - 3*u, 0 = -u + 2. What are the prime factors of (z + -1)*413/(-14)?
59
Let c = -24 - 49. Let p = c - -90. Let y = 4 + p. List the prime factors of y.
3, 7
Let z(m) = -m**3 + 26*m**2 + 4*m + 49. Let k(i) = i**3 - 3*i**2 - 2*i + 26. Let q be k(0). List the prime factors of z(q).
3, 17
Suppose 0 = -8*i - i + 36. Let m be 3/(-6)*i + (-2 - -20). List the prime factors of (m/(-6))/(-1 + 474/486).
2, 3
Let z be -461 + 3 + 2/(-4)*-2. Let w = z + 643. Suppose -21*g - w = -23*g. What are the prime factors of g?
3, 31
Suppose 3*r + 3*f = f + 2, -6 = r + 2*f. Let y(n) = 3 + 17*n**3 - 3*n**2 - 30*n**3 - r*n + 0*n**2 + 14*n**3. What are the prime factors of y(6)?
3, 29
Let d(h) = h**3 - 6*h**2 - 11*h + 14. Let c be d(10). Suppose 10*v - 6*v - 1197 = -3*f, -4*f = -v + c. List the prime factors of v.
2, 3, 5
Let w be (102/510)/(1/10). Suppose w*d - 204 - 1502 = 0. What are the prime factors of d?
853
Let h be (21*1/(-1))/(11/(-1958)). Suppose -h = -20*z + 6*z. Suppose z = l + 105